g) = g**2 - 17*g + 58. What is z(8)?
-14
Let l(a) = -a**2 - 12*a + 4. Calculate l(-12).
4
Let o(q) = -q**2 - 16*q - 25. Calculate o(-17).
-42
Let l(y) = y**3 + 11*y**2 - 9. Determine l(-10).
91
Let l(r) = r**3 + 7*r**2 - 7*r + 9. Give l(-7).
58
Let p(z) = 10*z - 66. What is p(7)?
4
Let x(h) = 2*h**2 + 48*h + 53. Calculate x(-23).
7
Let i(t) = -6*t + 1. Give i(2).
-11
Let a(m) = m**3 - 18. Calculate a(0).
-18
Let i(c) = c**3 - c**2 + 4*c - 5. Give i(5).
115
Let o(j) = 28*j. Give o(0).
0
Let v(w) = 10*w + 72. What is v(-10)?
-28
Let l(s) = 3*s**3 - 5*s**2 + s - 2. What is l(2)?
4
Let s(x) = 2*x + 9. What is s(-2)?
5
Let h(f) = f**3 - 34*f**2 + 36*f + 27. What is h(33)?
126
Let q(x) = 8*x + 42. Calculate q(-5).
2
Let o(x) = 2*x + 59. Give o(-27).
5
Let j(h) = -h**3 + 10*h**2 + 10*h - 15. What is j(10)?
85
Let p(v) = -v**3 - 6*v**2 - 9*v - 4. Calculate p(-3).
-4
Let k(d) = -3*d + 82. Determine k(27).
1
Let g(t) = -t**3 + 11*t**2 + 11*t - 9. Calculate g(12).
-21
Let x(k) = -2*k**2 - 30*k + 36. Calculate x(-16).
4
Let t(i) = 9*i**2 + 50*i + 14. Determine t(-6).
38
Let c(a) = -a**3 - 8*a**2 - 6*a + 1. Give c(-7).
-6
Let o(u) = -u**3 - 7*u**2 - 5*u - 2. Determine o(-6).
-8
Let u(l) = -l**3 - 21*l**2 - 39*l - 22. Calculate u(-19).
-3
Let u(g) = -g**2 + 3*g + 20. Determine u(5).
10
Let y(g) = -g**2 - 12*g - 18. Give y(-10).
2
Let c(k) = 8*k - 201. What is c(24)?
-9
Let z(i) = -2*i**3 - 54*i**2 + 55*i - 31. Calculate z(-28).
-3
Let x(n) = n**2 + 3*n - 4. Give x(6).
50
Let r(b) = 3*b**3 + 2*b**2 - b - 3. Give r(-3).
-63
Let p(m) = -m**2 + 2*m + 6. What is p(-4)?
-18
Let d(k) = 4*k + 38. Determine d(-9).
2
Let u(r) = -r**3 - 23*r**2 - r - 16. What is u(-23)?
7
Let o(x) = 4*x - 1. Give o(1).
3
Let d(x) = x**3 - x**2 - 2*x - 3. What is d(3)?
9
Let o(n) = -6*n**3 + 6*n**2 - 3*n + 2. What is o(2)?
-28
Let x(q) = 2*q**3 + 12*q**2 - 2*q - 5. What is x(-6)?
7
Let k(v) = 5*v + 21. Give k(-9).
-24
Let n(z) = 2*z**2 - 7*z - 5. Give n(-4).
55
Let w(u) = -u**3 - 4*u**2 - 2*u - 3. Determine w(-3).
-6
Let y(s) = 2*s**3 - s**2 - s. Give y(-2).
-18
Let s(x) = 6*x - 28. What is s(5)?
2
Let j(f) = 2*f**2 - 14*f + 41. Give j(4).
17
Let w(p) = p**3 + 6*p**2 - 5*p - 2. Calculate w(-4).
50
Let n(p) = p**3 + 10*p**2 + 7*p - 9. Determine n(-9).
9
Let f(z) = 10*z + 6. Calculate f(0).
6
Let a(d) = -3*d + 73. Give a(16).
25
Let b(p) = p**3 + 12*p**2 + 30*p + 17. What is b(-9)?
-10
Let v(f) = 2*f - 13. Determine v(5).
-3
Let x(v) = 2*v**2 - 5*v - 12. What is x(5)?
13
Let h(u) = -u**3 - 10*u**2 + 3*u + 10. What is h(-11)?
98
Let u(o) = -o**2 - 12*o. Calculate u(-15).
-45
Let z(b) = b**2 + 9*b - 79. Determine z(-15).
11
Let b(i) = 17*i + 393. Determine b(-25).
-32
Let n(t) = t + 49. Calculate n(0).
49
Let c(a) = -7*a + 60. Give c(14).
-38
Let l(x) = -x**2 - 5*x - 13. What is l(-2)?
-7
Let i(w) = -w**2 + 5*w - 6. Calculate i(6).
-12
Let l(n) = n**3 - 4*n**2 - 2. Give l(4).
-2
Let m(a) = -3*a + 1. Calculate m(9).
-26
Let r(c) = c**2 - 17*c + 61. Determine r(4).
9
Let c(a) = -11*a - 42. What is c(-4)?
2
Let a(p) = p**3 + 20*p**2 - 5*p - 95. Calculate a(-20).
5
Let m(w) = -2*w - 20. What is m(6)?
-32
Let z(x) = 2*x**2 + x + 20. Give z(-5).
65
Let h(j) = j - 4. Give h(12).
8
Let n(u) = -34*u + 2. Give n(-1).
36
Let f(q) = -2*q**2 + 20*q + 26. What is f(11)?
4
Let x(d) = -d**3 - 3*d**2 + 12*d - 8. What is x(-7)?
104
Let y(g) = -g**2 + 18*g - 24. Give y(18).
-24
Let x(c) = 3*c**2 - 6*c - 7. Determine x(-3).
38
Let m(f) = f**2 + 16*f - 17. What is m(-14)?
-45
Let i(z) = -z**3 - 7*z**2 - 10*z - 17. Calculate i(-6).
7
Let t(y) = y**2 + y. Determine t(-1).
0
Let a(y) = -y**2 - 17*y - 16. What is a(-16)?
0
Let o(l) = l + 12. Determine o(0).
12
Let y(v) = v**3 - 9*v**2 - 7*v + 10. Calculate y(8).
-110
Let g(l) = -l**3 - l + 2. Give g(2).
-8
Let z(x) = -5*x + 73. Determine z(14).
3
Let t(r) = -r**2 + 23*r - 39. Calculate t(21).
3
Let f(u) = 7*u - 1. Give f(-1).
-8
Let w(o) = -o**3 - 7*o**2 - 7*o + 2. Give w(-5).
-13
Let n(x) = -2*x**2 + 37*x - 1. Give n(18).
17
Let n(h) = h**3 - 8*h**2 + 2*h - 7. Give n(7).
-42
Let j(k) = -2*k**2 + 21*k + 19. Give j(11).
8
Let c(w) = -49*w - 987. What is c(-20)?
-7
Let o(f) = -f**3 + 4*f**2 + 2*f + 16. What is o(5)?
1
Let u(s) = s**2 + 2*s + 5. Determine u(4).
29
Let v(o) = 2*o**2 - 17. Give v(5).
33
Let r(z) = 23*z**2 + 2*z + 1. Determine r(2).
97
Let y(w) = w**2 + 12*w + 28. What is y(-8)?
-4
Let q(t) = -2*t**3 - 13*t**2 - 9*t - 16. Determine q(-6).
2
Let k(l) = 4*l + 42. Determine k(-8).
10
Let x(s) = 2*s**2 + 44*s + 97. Give x(-18).
-47
Let d(l) = 2*l - 23. What is d(7)?
-9
Let q(n) = 3*n - 7. Calculate q(8).
17
Let y(h) = h**3 - 6*h**2 - 7*h - 8. What is y(7)?
-8
Let q(n) = n**3 - 16*n**2 - 15*n - 6. Determine q(17).
28
Let i(v) = -2*v**2 + 6*v. Calculate i(-5).
-80
Let m(d) = 31*d. Give m(1).
31
Let k(h) = 17*h**2 - 3*h - 2. Determine k(2).
60
Let o(u) = -19*u**2 + 4*u + 4. Give o(-2).
-80
Let y(l) = -l**2 - 6*l - 16. What is y(-4)?
-8
Let m(q) = q**3 + 5*q**2 - 5*q + 8. Determine m(-7).
-55
Let g(o) = -o**2 + 4*o - 2. Give g(2).
2
Let r(q) = q**3 + 4*q**2 - q + 4. Give r(-4).
8
Let f(d) = -4*d - 13. Give f(-4).
3
Let r(l) = -2*l - 10. Calculate r(-10).
10
Let h(a) = a**3 - 5*a**2 - 48*a - 13. Determine h(10).
7
Let o(w) = 18*w - 408. What is o(23)?
6
Let g(t) = t**3 - t**2 - 13*t + 34. Determine g(4).
30
Let o(s) = 3*s**2 + 17*s + 19. Calculate o(-6).
25
Let h(q) = -q - 12. Give h(-5).
-7
Let p(o) = -o**2 - 8*o - 30. Give p(-9).
-39
Let l(j) = 2*j**2 - 71*j - 105. Determine l(37).
6
Let i(a) = a**2 - 29*a - 256. What is i(36)?
-4
Let r(l) = -l**3 + 11*l**2 - 10*l + 1. Determine r(10).
1
Let c(q) = q + 8. Give c(-7).
1
Let t(f) = 5*f - 32. Calculate t(4).
-12
Let z(n) = n + 7. Determine z(-3).
4
Let h(y) = 3*y**3 + 3*y**2 - 16*y + 14. What is h(1)?
4
Let p(s) = 5*s**2 + 5*s + 5. Determine p(-1).
5
Let r(i) = 6*i**2 - 51*i + 22. Calculate r(8).
-2
Let d(p) = 7*p**2 + 3*p - 4. What is d(-3)?
50
Let w(k) = -k**3 - 7*k**2 + 7*k + 2. Determine w(-8).
10
Let i(y) = 5*y + 26. Determine i(-6).
-4
Let q(m) = -m**3 - 3*m**2 + 9*m + 1. What is q(3)?
-26
Let f(t) = -2*t**2 - 33*t - 130. Calculate f(-6).
-4
Let g(f) = -40*f**2 + 2*f + 1. Determine g(-1).
-41
Let h(z) = 73*z + 215. Determine h(-3).
-4
Let o(u) = u**2 + 3*u - 116. Calculate o(8).
-28
Let c(i) = -9*i - 65. Calculate c(-7).
-2
Let x(u) = u**2 + 10*u - 3. Determine x(-11).
8
Let f(s) = s**2 - 11*s. Give f(12).
12
Let l(c) = -5*c**2 - 17*c + 3. Calculate l(-4).
-9
Let g(a) = a**3 - 12*a**2 + a + 17. Calculate g(12).
29
Let k(q) = -q**2 - 2*q + 9. Give k(5).
-26
Let o(d) = d**3 - 9*d**2 - 8*d + 1. What is o(10)?
21
Let g(t) = -25*t**2 + 3*t + 3. Calculate g(-1).
-25
Let r(p) = -2*p**3 + 4*p**2 + 1. Calculate r(3).
-17
Let z(y) = y**2 + 5*y + 2. Determine z(-4).
-2
Let o(i) = -i - 26. Give o(39).
-65
Let n(y) = y**2 + 28*y + 94. Determine n(-24).
-2
Let k(n) = n**3 + 4*n**2 - 2*n + 10. Calculate k(-5).
-5
Let l(t) = t**3 - 9*t**2 + 9*t - 4. Give l(8).
4
Let n(c) = -c**2 - 35. Give n(0).
-35
Let c(u) = -u**2 - 3*u + 5. What is c(-6)?
-13
Let x(i) = -i - 10. Determine x(-14).
4
Let k(d) = 2*d**2 + 31*d - 133. Calculate k(-19).
0
Let f(x) = -7*x**2 - 3*x + 4. Calculate f(1).
-6
Let f(a) = -a - 5. Determine f(15).
-20
Let g(y) = y**3 + 5*y**2 - 12*y - 45. Determine g(-5).
15
Let i(h) = h**3 - 22*h**2 + 22*h - 25. What is i(21)?
-4
Let t(a) = -13*a**2 - 5*a - 10. Determine t(-2).
-52
Let a(h) = 3*h**2 - 30*h - 38. Calculate a(12).
34
Let v(y) = y**2 + 10*y + 12. Calculate v(-11).
23
Let z(j) = 37*j - 115. Determine z(5).
70
Let t(d) = -d**2 - 24*d + 35. Give t(-25).
10
Let h(z) = -z**2 - 7*z + 14. Give h(4).
-30
Let n(v) = -5*v**3. What is n(-1)?
5
Let s(w) = -w**3 + 4*w**2 + 12*w - 40. Calculate s(5).
-5
Let y(a) = 5*a + 234. What is y(-49)?
-11
Let y(r) = -4*r - 36. Calculate y(-11).
8
Let o(v) = -v**3 - 5*v**2 - v - 7. Give o(-6).
35
Let o(h) = 11*h**3 - 2*h**2 + 1. Determine o(1).
10
Let t(k) = -k**3 - 64*k**2 - 55*k + 498. Give t(-63).
-6
Let n(b) = 26*b + 1503. Give n(-58).
-5
Let w(p) = 12*p + 8. Determine w(-7).
-76
Let m(d) = -d**3 + 6*d**2 - 8. Give m(6).
-8
Let r(q) = -32*q - 153. Determine r(-5).
7
Let q(t) = 3*t - 12. Determine q(-13).
-51
Let r(z) = -2*z - 14. Determine r(-11).
8
Let h(p) = -p**3 + 9